+ -210101?
-210011
In base 13, what is -10 + -27?
-37
In base 14, what is 1a - -88?
a4
In base 7, what is -10 + -15?
-25
In base 2, what is -1 + 100011?
100010
In base 13, what is 4 + -2c8?
-2c4
In base 5, what is -140 + -132?
-322
In base 5, what is 422202 - -1?
422203
In base 4, what is 11201 - 1?
11200
In base 9, what is -18264 + 2?
-18262
In base 10, what is -9 + -18?
-27
In base 11, what is -9 + -41?
-4a
In base 16, what is 12 + 21?
33
In base 11, what is -18 - 209?
-226
In base 9, what is -1285 + -2?
-1287
In base 9, what is 178 - 5?
173
In base 3, what is 10 + 1210?
1220
In base 10, what is -1154 - -5?
-1149
In base 13, what is -1 + 196?
195
In base 11, what is -2 - -3a?
38
In base 12, what is -1 - -1a?
19
In base 6, what is 0 - 115?
-115
In base 5, what is -23 + 22?
-1
In base 2, what is -10 + 10000111?
10000101
In base 8, what is 2 - -146?
150
In base 15, what is -6 + 5?
-1
In base 16, what is -5f5 - 3?
-5f8
In base 5, what is -341 - 4?
-400
In base 16, what is 13b - 4?
137
In base 16, what is 34 - a?
2a
In base 9, what is -5 + -251?
-256
In base 12, what is -8 + -9?
-15
In base 4, what is 3 - -221?
230
In base 3, what is -121111 - -11?
-121100
In base 6, what is -2 + 541?
535
In base 9, what is -42 - 63?
-115
In base 10, what is 30 - -1?
31
In base 13, what is 4 + -3?
1
In base 9, what is -7 + 41?
33
In base 6, what is 4010 + -40?
3530
In base 11, what is -a - 215?
-224
In base 5, what is 112 + -14?
43
In base 8, what is -3 - -10007?
10004
In base 3, what is -1021 + -110?
-1201
In base 8, what is -34 - -5?
-27
In base 6, what is -5 + -4110?
-4115
In base 14, what is -4 - -85?
81
In base 14, what is 0 + 43?
43
In base 3, what is 21002 + 11?
21020
In base 4, what is -10 + 3?
-1
In base 16, what is 38 - 3?
35
In base 5, what is -221 + 312?
41
In base 10, what is -149 - -2?
-147
In base 12, what is 48 + -6?
42
In base 10, what is 10 + 15?
25
In base 2, what is -100 + -101110111?
-101111011
In base 2, what is 0 + 10010?
10010
In base 13, what is 0 - a1?
-a1
In base 7, what is 2 + -261?
-256
In base 8, what is 6271 - -3?
6274
In base 7, what is -21 + -3?
-24
In base 13, what is -3 - b8?
-bb
In base 2, what is 10 - 100011101100?
-100011101010
In base 4, what is 32 - -223?
321
In base 14, what is 85 + 3?
88
In base 16, what is 0 + -eb?
-eb
In base 15, what is ebe + 5?
ec4
In base 15, what is bb2 + -5?
bac
In base 8, what is 0 + -12?
-12
In base 7, what is 46402 + -4?
46365
In base 14, what is 3 + -31?
-2c
In base 5, what is 1 + -141?
-140
In base 4, what is 1011 + 2323?
10000
In base 3, what is 20 + 222012?
222102
In base 7, what is 1621 - 2?
1616
In base 14, what is 12 + -24?
-12
In base 14, what is -74 - -53?
-21
In base 10, what is -2 - -159?
157
In base 4, what is 2 - 1333?
-1331
In base 16, what is a5 - -5?
aa
In base 6, what is 141 - 105?
32
In base 3, what is 122 - -112?
1011
In base 15, what is 2 + 120a?
120c
In base 16, what is a - 8?
2
In base 15, what is 2a7 - -1?
2a8
In base 2, what is 0 - -11011010?
11011010
In base 12, what is a0 - -99?
179
In base 5, what is -1 - 12?
-13
In base 14, what is 4 + 3dd?
403
In base 5, what is 40 - -33?
123
In base 13, what is 0 + -11?
-11
In base 7, what is -1 - -161?
160
In base 11, what is 3 + -1941?
-1939
In base 4, what is 1 + 300?
301
In base 4, what is -1202 + -1?
-1203
In base 13, what is 352 - -5?
357
In base 13, what is 25 - -68?
90
In base 12, what is -2 + -94?
-96
In base 9, what is 1810 - -3?
1813
In base 13, what is -376 - 4?
-37a
In base 9, what is -1 + 22?
21
In base 16, what is -23 + -4?
-27
In base 14, what is 9 - 8c7?
-8bc
In base 11, what is 114 + -40?
84
In base 14, what is 0 + -a8?
-a8
In base 2, what is -1110101011 - 11?
-1110101110
In base 10, what is 2 - 4214?
-4212
In base 13, what is -6 - -968?
962
In base 4, what is -3 + 0?
-3
In base 6, what is 344 - 30?
314
In base 5, what is 121030 - 0?
121030
In base 9, what is 6246 - 1?
6245
In base 6, what is -4 - -1003?
555
In base 14, what is -7653 + 5?
-764c
In base 16, what is ca + 1?
cb
In base 8, what is 5 + -236?
-231
In base 16, what is 889 - 1?
888
In base 10, what is -288 - 3?
-291
In base 10, what is 2 + 461?
463
In base 12, what is -15 + 16?
1
In base 12, what is -2 - 4b?
-51
In base 3, what is 200 - -101211?
102111
In base 9, what is -748 - -2?
-746
In base 7, what is -1 - -11464?
11463
In base 9, what is -568 + -1?
-570
In base 3, what is 0 + 11?
11
In base 11, what is -4 + 41?
38
In base 15, what is 7 - 23d?
-236
In base 6, what is 22 + 4?
30
In base 8, what is -7 + 5?
-2
In base 10, what is 4401 + -4?
4397
In base 14, what is 5 + -10?
-9
In base 15, what is 1 + -1?
0
In base 14, what is 40 - -1?
41
In base 16, what is -1be + 8?
-1b6
In base 6, what is 4 + 1103?
1111
In base 3, what is -222021 + 0?
-222021
In base 12, what is 11 - 2?
b
In base 8, what is -2340 + -20?
-2360
In base 2, what is -1100010 - -101?
-1011101
In base 12, what is 110 + -88?
44
In base 16, what is 55 - 4?
51
In base 12, what is -1 - 3b?
-40
In base 2, what is -101101 + 1111010?
1001101
In base 9, what is 2 - -487?
500
In base 3, what is -221 + -2?
-1000
In base 3, what is 210 + -1110?
-200
In base 10, what is -1631 + -1?
-1632
In base 8, what is 1205 - -2?
1207
In base 14, what is 1 - -377?
378
In base 8, what is 2204 + -7?
2175
In base 14, what is -20 + -6a?
-8a
In base 6, what is -5 - -123?
114
In base 13, what is 4 - 33?
-2c
In base 7, what is 1020 - -13?
1033
In base 14, what is 7 + -57?
-50
In base 8, what is 6 + -12?
-4
In base 11, what is -1 + -41a?
-420
In base 14, what is a89 - 4?
a85
In base 7, what is -41336 + -3?
-41342
In base 15, what is 1 + 5d?
5e
In base 5, what is 2 - -1?
3
In base 15, what is -17 - 32?
-49
In base 3, what is 12202 - 101?
12101
In base 9, what is 23801 + 4?
23805
In base 15, what is 1 + -15c?
-15b
In base 16, what is -7 + 5?
-2
In base 2, what is -1100000000 - 100?
-1100000100
In base 8, what is -4 - 143?
-147
In base 10, what is 2 - -4971?
4973
In base 16, what is -5 - -467?
462
In base 13, what is -2 + -24c?
-251
In base 12, what is 1 - b?
-a
In base 15, what is 0 + 189?
189
In base 16, what is -3298 + -5?
-329d
In base 15, what is -32 + 140?
10d
In base 9, what is 60 + 117?
177
In base 12, what is -60 - -60?
0
In base 16, what is -129 - 5?
-12e
In base 9, what is 0 + -2?
-2
In base 5, what is -12 - 20?
-32
In base 7, what is 32 - -510?
542
In base 2, what is 110 - 101011?
-100101
In base 14, what is 3 + 259?
25c
In base 10, what is 2 - -18?
20
In base 11, what is -15268 + 4?
-15264
In base 10, what is 227 - -13?
240
In base 3, what is 20012112 + -12?
20012100
In base 15, what is -334 - -2?
-332
In base 12, what is 36 + 0?
36
In base 4, what is 2 + -2032?
-2030
In base 16, what is 4 - -11b?
11f
In base 13, what is -4 - a8?
-ac
In base 14, what is 113 + 1?
114
In base 4, what is 1131 + -11?
1120
In base 14, what is -37 + 2?
-35
In base 7, what is 606 - -21?
630
In base 16, what is 0 + 2b?
2b
In base 2, what is -110 + 10010111?
10010001
In base 9, what is -4 - 657?
-662
In base 9, what is 77 - -4?
82
In base 3, what is -100 + 12?
-11
In base 15, what is 9e + -4?
9a
In base 15, what is -2 - -131?
12e
In base 3, what is 1012220 + 10?
1020000
In base 8, what is 5 - -63?
70
In base 11, what is 5 - -22?
27
In base 7, what is 14 + 6?
23
In base 7, what is -6026 + 11?
-6015
In base 9, what is 8842 - -2?
8844
In base 2, what is -1101 + 10000?
11
In base 3, what is 10 + 12022?
12102
In base 7, what is 1346 - -3?
1352
In base 10, what is 2 + 658?
660
In base 11, what is 271 + -27?
245
In base 15, what is -3 + -27b?
-27e
In base 9, what is -2 + -2?
-4
In base 2, what is -101110000 + -101?
-101110101
In base 2, what is -1101 - 100?
-10001
In base 14, what is -3 + 244?
241
In base 9, what is 366 - -6?
373
In base 7, what is -411 - 5?
-416
In base 7, what is 3 - 13011?
-13005
In base 15, what is -120 - 0?
-120
In base 11, what is 9 + 78?
86
In base 13, what is -3 + -2062?
-2065
In base 14, what is -60 - 34?
-94
In base 14, what is 74 - 4?
70
In base 15, what is 11a + 37?
152
In base 6, what is -22 + -2?
-24
In base 12, what is -333 - 0?
-333
In base 2, what is -11001110 + -1?
-11001111
In base 11, what is 2294 - 5?
228a
In base 7, what is -40 - 145?
-215
In base 7, what is 51 - -11?
62
In base 10, what is -38 + 91?
53
I